ose t*n = 54 - 14. What is the units digit of n?
0
Let a(c) = c**2 - 3*c + 2. Let d be a(3). Suppose 0 = -d*x + 7 + 1. What is the units digit of x?
4
Let t = 6 - 0. Let l be t/(-27) + (-4)/(-18). Suppose 3*j = -5*k + 51, l = -2*j - 5*k + 14 + 25. What is the units digit of j?
2
Let f(y) = -y**2 + 11*y - 9. Let m be f(6). Let z = m - 3. Suppose c + 0*h - 5*h = 0, z = c + h. What is the units digit of c?
5
Suppose -6*f + f = q - 22, -q = -2. What is the units digit of f?
4
Let k be (2 - 6)/((-4)/6). What is the tens digit of -33*((-8)/k - -1)?
1
Let o = 0 - -4. Let s(h) = 2*h**2 - 6*h. What is the units digit of s(o)?
8
Let y = 70 - 1. What is the tens digit of y?
6
What is the hundreds digit of 1/(2/(-478)*2/(-2))?
2
Suppose 0 = 5*x + x - 1536. What is the tens digit of x?
5
Suppose 3*j + 4*v + 4 = 35, -41 = -5*j - 4*v. What is the units digit of j?
5
Let v(a) = -a**3 + a - 18. Let w be v(0). Suppose 5*t = 2*t + 3*n + 87, -3*n - 12 = 0. Let b = w + t. What is the units digit of b?
7
Let m(u) = u**2 - 4*u - 8. What is the tens digit of m(8)?
2
Suppose -1 = -s, -4*k + 2*s = -2*s - 556. What is the units digit of k?
0
Let p be 2*(0 - 10/(-4)). Suppose -p*y + 20 = 0, -2*k - 5*y + 9 = -23. What is the units digit of k?
6
Let j = -43 + 80. What is the units digit of j?
7
Suppose 16 = 2*n - 0*n + k, -2*k - 4 = 0. Let r(i) = -i**3 + 9*i**2 - i + 11. What is the units digit of r(n)?
2
Let j(s) = s**2 + 31. What is the tens digit of j(0)?
3
Let g = 48 - 14. Let n = -20 + g. What is the tens digit of n?
1
Suppose -10 - 74 = -6*o. Suppose 4*t = o + 14. What is the units digit of t?
7
Let f(g) = g**3 - 6*g**2 + 2*g - 8. Let l be f(6). Suppose -c = l*c + 10. Let q(o) = -4*o - 2. What is the units digit of q(c)?
6
Let a(k) = -k**3 - 6*k**2 - 8*k - 8. What is the tens digit of a(-6)?
4
What is the units digit of 1221/(-22)*4/(-3)?
4
Let r = -14 - -19. Let n = -1 - -1. Suppose n = r*u + 7 - 62. What is the units digit of u?
1
Let m(q) = 8*q**2 - q. Suppose c - 2 = -0. Suppose -3*p + 7 = -s, -5*p + 8 = c*s - 0*s. What is the units digit of m(s)?
9
Suppose 7*k = 4*k + 360. What is the tens digit of k?
2
Let v = 37 - 87. Let s = -30 - v. What is the units digit of s?
0
What is the tens digit of 5/(-15) - (0 + 1029/(-9))?
1
Suppose 3*q + 24 = 93. What is the tens digit of q?
2
Let v(t) = 4*t**2 + 2*t - 3. What is the tens digit of v(3)?
3
Let c(g) be the first derivative of g**2/2 + 7*g + 4. What is the units digit of c(0)?
7
Let o(y) = -y**2 + 4*y - 5. Let h be o(4). Let u(r) = 5*r**2 + r + 3. Let p(b) = -b**2 - b. Let z(v) = 6*p(v) + u(v). What is the units digit of z(h)?
3
Suppose -6 = -3*s + 4*q + 7, 0 = -s + 5*q - 3. Let p = 2 - 3. What is the units digit of (6/(-7))/(p/s)?
6
Let k(d) = d - 3*d - 5*d + 1. Let u be (0 + 1)/(7 - 8). What is the units digit of k(u)?
8
Suppose 2*x - 32 = -2*x + 4*h, -x + 3 = 4*h. Let b(m) = m + 3. What is the tens digit of b(x)?
1
Suppose 393 = 3*x + 60. What is the units digit of x?
1
Suppose -4*m = -3*d - 81, 0 = -5*m - 6*d + d + 75. Suppose 4*s = 3*v - 4, 3*v = -s - 2*s + m. What is the units digit of (14 + 1)*2/s?
5
Suppose 3*u - b - 61 = 92, 51 = u - 5*b. Suppose -2*d + 20 = 5*s + 5, 0 = 5*d - s - u. What is the tens digit of d?
1
Let f be -5*(-2 - (2 + -3)). Suppose 5*g - 60 = f*y, 3*y - g = -2*g - 36. Let t = -6 - y. What is the units digit of t?
6
Suppose -52 = 5*h - 932. What is the units digit of h?
6
Let w(o) = 3*o**2 - 5*o - 9. What is the tens digit of w(5)?
4
Let f(j) = 10*j**2 + j - 1. Let w be f(1). Suppose w = 2*t + 3*t. Suppose t*k + k - 36 = 0. What is the tens digit of k?
1
Let s(a) be the first derivative of -a**4/4 + 2*a**3/3 + a**2/2 + a - 2. Let f be s(2). Suppose 0*v = v - 1, f*v - 24 = -3*u. What is the units digit of u?
7
Suppose -2*d + 0*m + 3*m - 15 = 0, 2*m - 10 = 5*d. Suppose d = -2*p + i + 91, -i = -0*p - 5*p + 229. What is the tens digit of p?
4
Let v(j) = -j**3 - j**2 - 2. Let h be v(-2). Let z be 7 - (0 + 2) - -3. Suppose h*c + 0 = z. What is the units digit of c?
4
Let f(q) = -2*q - 9. Let t(p) = -19*p + 1. Let h be t(-1). Let l = 12 - h. What is the units digit of f(l)?
7
Let t = 2 - -2. Let c = 6 - t. Suppose -4*n - c*s + 7*s + 28 = 0, -5*n - 4*s + 76 = 0. What is the units digit of n?
2
What is the units digit of 1/4 - (-460)/16?
9
What is the units digit of (-46 - 3)*(0 + -1)?
9
Suppose 0 = 6*h - 2*h - 12. Suppose 4*x = 31 - h. What is the units digit of x?
7
Let x(y) = y + 4. What is the units digit of x(3)?
7
Suppose -2*f = -4*s + 3*s + 129, -5*s - 5*f = -675. What is the tens digit of s?
3
Suppose 4*q - 3*o = -65, 0*q + 5*q + 89 = -4*o. What is the units digit of q/(-4) + (-6)/(-8)?
5
Let z(d) = -d + 3. Let p be z(3). Let w(x) = x**3 + x**2 + 2*x + 37. What is the tens digit of w(p)?
3
Let y = -2 + 5. Let h(n) = n**3 - y*n**2 - 4 + 10 + 9*n**2. What is the units digit of h(-6)?
6
Let s = 54 - 28. What is the units digit of s?
6
Let s(r) = r**2 + r - 6. Let l be s(0). Let n be 2/(-3)*l/1. What is the units digit of n/10 + 46/10?
5
Let p(x) = -3*x**3 + 7*x**2 - 4*x - 5. Let q(w) = 7*w**3 - 14*w**2 + 7*w + 10. Let t(o) = -5*p(o) - 2*q(o). What is the units digit of t(6)?
5
Suppose 0 = -3*r - 2 - 4. Let t be (-5 + 1 + r)*3. Let z = t + 29. What is the tens digit of z?
1
Let d(y) = -4*y - 17. What is the units digit of d(-15)?
3
Let h = 317 - 119. What is the hundreds digit of h?
1
Let w be (0 + 0 + -1)*-10. Let j = 11 - 11. Let x = w + j. What is the units digit of x?
0
Suppose -3*n = -1 - 11, -3 = 3*l - 3*n. What is the units digit of l?
3
Let h be -5*(-2 - 7/(-5)). Suppose -2*f + h - 5 = 0. What is the units digit of (-1)/(1/(-10)) + f?
9
Let h(x) = x - 15. Let z be h(17). Suppose 3*d = 4*b - 16, b - 4*d = -3*b + 20. What is the units digit of 7 - b - (z - 2)?
6
What is the units digit of (-2)/(-8)*-6*-6?
9
Let n(a) = -a**3 + 9*a**2 + 11*a. Let j be n(10). Let t be ((-4)/j)/((-8)/20). Let u(d) = 5*d**3 - 2*d + 1. What is the units digit of u(t)?
4
Suppose -n - 71 = -2*n. What is the units digit of n?
1
Suppose 4*r - u = -2*u + 35, -u = -3. Let h = 10 - r. What is the units digit of h?
2
Let w(s) = -16*s - 9. What is the units digit of w(-9)?
5
Suppose -4*u - 4*y = 40, -4*u - 2*y - 41 = y. Let p = -7 - u. Let v(g) = g**3 - 5*g**2 + 5*g + 1. What is the units digit of v(p)?
5
Let g be (0 - -1) + 10/2. Let m be 0 + -1 + 0 + g. Suppose 2*q + m*i - 35 = 0, 2*q + i - 40 + 17 = 0. What is the tens digit of q?
1
Suppose -39 = -2*m + 21. What is the tens digit of m?
3
Let r(o) = -o**2 + 7*o - 1. Let t be r(5). Let y(u) = -u**3 + 8*u**2 + 11*u + 6. What is the units digit of y(t)?
4
Let o(s) = -s**3 - 5*s**2 - 7*s - 6. Let a be ((-3)/(-6))/((-3)/36). Let x = -10 - a. What is the units digit of o(x)?
6
Let y(n) = 6*n + 1. Let m be -1 + 3/6*6. What is the units digit of y(m)?
3
Let g(m) = -m**2 + 17*m + 11. What is the units digit of g(12)?
1
Let f(d) = -35*d**3 - 2*d - 1. What is the units digit of f(-1)?
6
Let h = -11 + 8. Let q(p) = 2*p + 12. Let y(x) = x + 6. Let m(j) = -3*q(j) + 7*y(j). What is the units digit of m(h)?
3
Suppose 2*l + 4 = 0, -10 = s - 2*s + 4*l. Suppose -3*g - m = 2*g + 97, m = -s. Let b = 27 + g. What is the units digit of b?
8
Let n(h) = 8*h - 11. What is the tens digit of n(7)?
4
Let r = -1 + 4. Suppose r*s - 1 = 8. What is the units digit of (s/2)/(2/4)?
3
Let f(w) = w**3 + w**2 - 2*w. Let x be f(-2). Suppose x = 5*r - 22 - 8. What is the units digit of r?
6
Suppose -4*i - 12 = -5*a, 0*a = -2*i + 4*a - 6. Let u be (i/6)/(2/(-20)). Suppose 4*y = -q + 23, 4*q + y - 12 = u*y. What is the units digit of q?
7
Let b(c) = c - 1. Suppose -2*q - 8 = -6*q. Let n(m) = 12*m - 16. Let a(j) = q*n(j) - 28*b(j). What is the units digit of a(-5)?
6
Let y be (-12)/(-10)*(-570)/(-9). Let l = y - 31. What is the tens digit of l?
4
Suppose 1 + 6 = y. Suppose -j - 3 = 2*s + 3, 0 = -5*j + 4*s + 26. Let d = y - j. What is the units digit of d?
5
Suppose 0 = a + 3*a + 20. Let b be (-12)/a + (-4)/10. Let o = 12 - b. What is the tens digit of o?
1
Let r(v) = v**3 - 4*v**2 + 3*v + 5. What is the units digit of r(5)?
5
Let z(c) = -2*c + c + 15 - 5. Let a be z(-8). Let s = -10 + a. What is the units digit of s?
8
Suppose 13 = -3*w + 43. Suppose 0 = -h + 2*h - w. What is the tens digit of h?
1
What is